{"id":280,"date":"2016-07-02T09:41:20","date_gmt":"2016-07-02T07:41:20","guid":{"rendered":"http:\/\/beschriftung-profi.de\/?page_id=280"},"modified":"2018-12-17T15:59:07","modified_gmt":"2018-12-17T14:59:07","slug":"was-nicht-geht","status":"publish","type":"page","link":"http:\/\/beschriftung-profi.de\/?page_id=280","title":{"rendered":"Was nicht geht &#8230;"},"content":{"rendered":"<div class=\"page\" title=\"Page 1\">\n<div class=\"layoutArea\">\n<div class=\"column\">\n<p>Beklebungen auf rauhen Oberfl\u00e4chen, wie zum Beispiel Holz, sind leider selten m\u00f6glich. Nur wenn das Holz glatt geschliffen wurde oder eine Oberfl\u00e4chenlackierung erhalten hat, kann eine Beschriftung vorgenommen werden. Ansonsten gilt f\u00fcr H\u00f6lzer, dass diese nicht beschrift- bar sind. Gleiches gilt f\u00fcr unbehandeltes Metall, Bleche und Kunststoffoberfl\u00e4chen. Insbesondere wenn diese Oberfl\u00e4chen verwittert oder gar mit einem Rostansatz versehen sind, ist eine Beschriftung nicht m\u00f6glich. Wenn Glas beschriftet werden soll, darf dieses keinesfalls aus Matt- glas bestehen, hier bleibt leider keine Beschriftung haften.<\/p>\n<\/div>\n<\/div>\n<\/div>\n","protected":false},"excerpt":{"rendered":"<p>Beklebungen auf rauhen Oberfl\u00e4chen, wie zum Beispiel Holz, sind leider selten m\u00f6glich. Nur wenn das Holz glatt geschliffen wurde oder<\/p>\n","protected":false},"author":1,"featured_media":0,"parent":0,"menu_order":0,"comment_status":"closed","ping_status":"closed","template":"","meta":{"footnotes":""},"_links":{"self":[{"href":"http:\/\/beschriftung-profi.de\/index.php?rest_route=\/wp\/v2\/pages\/280"}],"collection":[{"href":"http:\/\/beschriftung-profi.de\/index.php?rest_route=\/wp\/v2\/pages"}],"about":[{"href":"http:\/\/beschriftung-profi.de\/index.php?rest_route=\/wp\/v2\/types\/page"}],"author":[{"embeddable":true,"href":"http:\/\/beschriftung-profi.de\/index.php?rest_route=\/wp\/v2\/users\/1"}],"replies":[{"embeddable":true,"href":"http:\/\/beschriftung-profi.de\/index.php?rest_route=%2Fwp%2Fv2%2Fcomments&post=280"}],"version-history":[{"count":3,"href":"http:\/\/beschriftung-profi.de\/index.php?rest_route=\/wp\/v2\/pages\/280\/revisions"}],"predecessor-version":[{"id":358,"href":"http:\/\/beschriftung-profi.de\/index.php?rest_route=\/wp\/v2\/pages\/280\/revisions\/358"}],"wp:attachment":[{"href":"http:\/\/beschriftung-profi.de\/index.php?rest_route=%2Fwp%2Fv2%2Fmedia&parent=280"}],"curies":[{"name":"wp","href":"https:\/\/api.w.org\/{rel}","templated":true}]}}