{"id":286,"date":"2016-07-02T09:42:16","date_gmt":"2016-07-02T07:42:16","guid":{"rendered":"http:\/\/beschriftung-profi.de\/?page_id=286"},"modified":"2017-07-23T06:44:14","modified_gmt":"2017-07-23T04:44:14","slug":"farbbeschriftung","status":"publish","type":"page","link":"http:\/\/beschriftung-profi.de\/?page_id=286","title":{"rendered":"Farbbeschriftung"},"content":{"rendered":"<div class=\"page\" title=\"Page 2\">\n<div class=\"layoutArea\">\n<div class=\"column\">\n<p>Bei der Farbbeschriftung handelt es sich um den direkten Farbauftrag auf das zu beschriftende Objekt. H\u00e4ufig werden Farbbeschriftungen bei gro\u00dfen Wandfl\u00e4chen, zum Beispiel bei M\u00f6belh\u00e4usern, angewandt. Dazu wird in aller Regel zuerst ein Bauger\u00fcst aufgestellt und ein spe- ziell ausgebildeter Beschrifter \u00fcbertr\u00e4gt mit einem Bleistift die Konturen der Beschriftung von einer ma\u00dfstabsgerechten Modellzeichnung auf die Hauswand. Danach werden die Konturen mit den entsprechenden Farben ausgef\u00fcllt. In letzter Zeit sind auch vermehrt Wandfl\u00e4chen an H\u00e4usern zu sehen, auf denen Illustrationen oder Comics angebracht werden. Je versierter der Beschrifter\/K\u00fcnstler, desto kreativer ist das Er- gebnis.<\/p>\n<p>Nat\u00fcrlich k\u00f6nnen auch Schablonen geschnitten und zu Hilfe genommen werden. Das kann bei der Beschriftung von Leuchtwerbung der Fall sein. Ebenso ist es m\u00f6glich, eine Kennzeichnung von Parkfl\u00e4chen mittels einer Spezialfarbe vorzunehmen (nat\u00fcrlich ausschlie\u00dflich auf priva- ten Grundst\u00fccken).<\/p>\n<\/div>\n<\/div>\n<\/div>\n","protected":false},"excerpt":{"rendered":"<p>Bei der Farbbeschriftung handelt es sich um den direkten Farbauftrag auf das zu beschriftende Objekt. H\u00e4ufig werden Farbbeschriftungen bei gro\u00dfen<\/p>\n","protected":false},"author":1,"featured_media":0,"parent":0,"menu_order":0,"comment_status":"closed","ping_status":"closed","template":"","meta":{"footnotes":""},"_links":{"self":[{"href":"http:\/\/beschriftung-profi.de\/index.php?rest_route=\/wp\/v2\/pages\/286"}],"collection":[{"href":"http:\/\/beschriftung-profi.de\/index.php?rest_route=\/wp\/v2\/pages"}],"about":[{"href":"http:\/\/beschriftung-profi.de\/index.php?rest_route=\/wp\/v2\/types\/page"}],"author":[{"embeddable":true,"href":"http:\/\/beschriftung-profi.de\/index.php?rest_route=\/wp\/v2\/users\/1"}],"replies":[{"embeddable":true,"href":"http:\/\/beschriftung-profi.de\/index.php?rest_route=%2Fwp%2Fv2%2Fcomments&post=286"}],"version-history":[{"count":3,"href":"http:\/\/beschriftung-profi.de\/index.php?rest_route=\/wp\/v2\/pages\/286\/revisions"}],"predecessor-version":[{"id":364,"href":"http:\/\/beschriftung-profi.de\/index.php?rest_route=\/wp\/v2\/pages\/286\/revisions\/364"}],"wp:attachment":[{"href":"http:\/\/beschriftung-profi.de\/index.php?rest_route=%2Fwp%2Fv2%2Fmedia&parent=286"}],"curies":[{"name":"wp","href":"https:\/\/api.w.org\/{rel}","templated":true}]}}