{"id":292,"date":"2016-07-02T09:43:16","date_gmt":"2016-07-02T07:43:16","guid":{"rendered":"http:\/\/beschriftung-profi.de\/?page_id=292"},"modified":"2017-07-23T06:44:49","modified_gmt":"2017-07-23T04:44:49","slug":"outdoor","status":"publish","type":"page","link":"http:\/\/beschriftung-profi.de\/?page_id=292","title":{"rendered":"Outdoor"},"content":{"rendered":"<div class=\"page\" title=\"Page 2\">\n<div class=\"layoutArea\">\n<div class=\"column\">\n<p>Um allen Wettereinfl\u00fcssen standhalten zu k\u00f6nnen, sind im Au\u00dfenbereich besondere Farben und Materialien notwendig. Neben Wind, Sturm, Regen, ganzj\u00e4hriger Luftfeuchtigkeit, Hitze durch sonnenbestrahlung kommt auch noch die Widerstandsf\u00e4higkeit gegen die UV-Bestrahlung hinzu. Die Industrie hat spezielle, dauerhafte Farben und Materialien entwickelt, die all diesen Einfl\u00fcssen strotzen. Mit der richtigen Farbe und dem passenden Material halten Folienbeschriftungen, Farbbeschriftungen, Folienplotts und auch Siebdrucke bis zu 7 Jahre. Danach kann es zu wetterbedingten Farbverschiebungen kommen. Die Lebenszeit von Beschriftungen wird von der Industrie zwar nur bis zu 7 Jahre garantiert, in der t\u00e4glichen Praxis jedoch liegt die Haltbarkeit weit dar\u00fcber. Aber, wie gesagt, ohne dass eine Garantie daf\u00fcr vergeben wird.<\/p>\n<\/div>\n<\/div>\n<\/div>\n","protected":false},"excerpt":{"rendered":"<p>Um allen Wettereinfl\u00fcssen standhalten zu k\u00f6nnen, sind im Au\u00dfenbereich besondere Farben und Materialien notwendig. Neben Wind, Sturm, Regen, ganzj\u00e4hriger Luftfeuchtigkeit,<\/p>\n","protected":false},"author":1,"featured_media":0,"parent":0,"menu_order":0,"comment_status":"closed","ping_status":"closed","template":"","meta":{"footnotes":""},"_links":{"self":[{"href":"http:\/\/beschriftung-profi.de\/index.php?rest_route=\/wp\/v2\/pages\/292"}],"collection":[{"href":"http:\/\/beschriftung-profi.de\/index.php?rest_route=\/wp\/v2\/pages"}],"about":[{"href":"http:\/\/beschriftung-profi.de\/index.php?rest_route=\/wp\/v2\/types\/page"}],"author":[{"embeddable":true,"href":"http:\/\/beschriftung-profi.de\/index.php?rest_route=\/wp\/v2\/users\/1"}],"replies":[{"embeddable":true,"href":"http:\/\/beschriftung-profi.de\/index.php?rest_route=%2Fwp%2Fv2%2Fcomments&post=292"}],"version-history":[{"count":3,"href":"http:\/\/beschriftung-profi.de\/index.php?rest_route=\/wp\/v2\/pages\/292\/revisions"}],"predecessor-version":[{"id":370,"href":"http:\/\/beschriftung-profi.de\/index.php?rest_route=\/wp\/v2\/pages\/292\/revisions\/370"}],"wp:attachment":[{"href":"http:\/\/beschriftung-profi.de\/index.php?rest_route=%2Fwp%2Fv2%2Fmedia&parent=292"}],"curies":[{"name":"wp","href":"https:\/\/api.w.org\/{rel}","templated":true}]}}

<div class="page" title="Page 2">
<div class="layoutArea">
<div class="column">
<p>Um allen Wettereinflüssen standhalten zu können, sind im Außenbereich besondere Farben und Materialien notwendig. Neben Wind, Sturm, Regen, ganzjähriger Luftfeuchtigkeit, Hitze durch sonnenbestrahlung kommt auch noch die Widerstandsfähigkeit gegen die UV-Bestrahlung hinzu. Die Industrie hat spezielle, dauerhafte Farben und Materialien entwickelt, die all diesen Einflüssen strotzen. Mit der richtigen Farbe und dem passenden Material halten Folienbeschriftungen, Farbbeschriftungen, Folienplotts und auch Siebdrucke bis zu 7 Jahre. Danach kann es zu wetterbedingten Farbverschiebungen kommen. Die Lebenszeit von Beschriftungen wird von der Industrie zwar nur bis zu 7 Jahre garantiert, in der täglichen Praxis jedoch liegt die Haltbarkeit weit darüber. Aber, wie gesagt, ohne dass eine Garantie dafür vergeben wird.</p>
</div>
</div>
</div>

<p>Um allen Wettereinflüssen standhalten zu können, sind im Außenbereich besondere Farben und Materialien notwendig. Neben Wind, Sturm, Regen, ganzjähriger Luftfeuchtigkeit,</p>
