{"id":294,"date":"2016-07-02T09:43:44","date_gmt":"2016-07-02T07:43:44","guid":{"rendered":"http:\/\/beschriftung-profi.de\/?page_id=294"},"modified":"2017-07-23T06:45:00","modified_gmt":"2017-07-23T04:45:00","slug":"uv-bestaedigkeit","status":"publish","type":"page","link":"http:\/\/beschriftung-profi.de\/?page_id=294","title":{"rendered":"UV-Best\u00e4ndigkeit"},"content":{"rendered":"<div class=\"page\" title=\"Page 2\">\n<div class=\"layoutArea\">\n<div class=\"column\">\n<p>Die Best\u00e4ndigkeit gegen UV-Bestrahlung (Ultraviolettstrahlung, kurz Ultraviolett, UV oder auch UV-Strahlung) ist f\u00fcr jedes Material eine be- sondere Herausforderung. Bei der UV-Bestrahlung handelt es sich um eine f\u00fcr den Menschen unsichtbare elektromagnetische Strahlung mit einer Wellenl\u00e4nge, die k\u00fcrzer ist als die des f\u00fcr den Menschen sichtbaren Lichtes. Sie erfolgt durch die Sonne und ist daher insbesondere in den Sommermonaten vorhanden. Nicht nur die menschliche Haut altert durch die Sonnenbestrahlung, auch jedwedes Material (Holz, Kunst- stoff, Metall &#8230;).<\/p>\n<p>Die Industrie hat gegen diese nat\u00fcrliche Alterung spezielle Materialmischungen und Schutzlacke entwickelt, die sehr wirksam eingesetzt werden k\u00f6nnen. Dadurch kann die Haltbarkeit von Farbe und Material, wie oben beschrieben, auf 7 oder mehr Jahre verl\u00e4ngert werden. Wichtig zu erw\u00e4hnen ist in diesem Zusammenhang, dass die Haltbarkeit weit \u00fcber der angegebenen \u201eMindesthaltbarkeit\u201c liegt, aber keine Garantie daf\u00fcr vergeben wird.<\/p>\n<\/div>\n<\/div>\n<\/div>\n","protected":false},"excerpt":{"rendered":"<p>Die Best\u00e4ndigkeit gegen UV-Bestrahlung (Ultraviolettstrahlung, kurz Ultraviolett, UV oder auch UV-Strahlung) ist f\u00fcr jedes Material eine be- sondere Herausforderung. Bei<\/p>\n","protected":false},"author":1,"featured_media":0,"parent":0,"menu_order":0,"comment_status":"closed","ping_status":"closed","template":"","meta":{"footnotes":""},"_links":{"self":[{"href":"http:\/\/beschriftung-profi.de\/index.php?rest_route=\/wp\/v2\/pages\/294"}],"collection":[{"href":"http:\/\/beschriftung-profi.de\/index.php?rest_route=\/wp\/v2\/pages"}],"about":[{"href":"http:\/\/beschriftung-profi.de\/index.php?rest_route=\/wp\/v2\/types\/page"}],"author":[{"embeddable":true,"href":"http:\/\/beschriftung-profi.de\/index.php?rest_route=\/wp\/v2\/users\/1"}],"replies":[{"embeddable":true,"href":"http:\/\/beschriftung-profi.de\/index.php?rest_route=%2Fwp%2Fv2%2Fcomments&post=294"}],"version-history":[{"count":4,"href":"http:\/\/beschriftung-profi.de\/index.php?rest_route=\/wp\/v2\/pages\/294\/revisions"}],"predecessor-version":[{"id":372,"href":"http:\/\/beschriftung-profi.de\/index.php?rest_route=\/wp\/v2\/pages\/294\/revisions\/372"}],"wp:attachment":[{"href":"http:\/\/beschriftung-profi.de\/index.php?rest_route=%2Fwp%2Fv2%2Fmedia&parent=294"}],"curies":[{"name":"wp","href":"https:\/\/api.w.org\/{rel}","templated":true}]}}