{"id":300,"date":"2016-07-02T09:44:48","date_gmt":"2016-07-02T07:44:48","guid":{"rendered":"http:\/\/beschriftung-profi.de\/?page_id=300"},"modified":"2017-07-23T06:45:35","modified_gmt":"2017-07-23T04:45:35","slug":"preiswertes","status":"publish","type":"page","link":"http:\/\/beschriftung-profi.de\/?page_id=300","title":{"rendered":"Preiswertes"},"content":{"rendered":"<div class=\"page\" title=\"Page 3\">\n<div class=\"layoutArea\">\n<div class=\"column\">\n<p>Zu preiswerten Beschriftungen kann gesagt werden, dass die Verwendung von besonders d\u00fcnnen Folien oder Farben aus dem unteren Preis- segment Einsparungen erzielt werden k\u00f6nnen. Durch moderne Fertigungstechnik, Gro\u00dfeinkauf beim Material und einer hohen Maschinen- auslastung sind die erh\u00e4ltlichen Beschriftungsprodukte bereits derart preiswert, dass man sich kaum Gedanken \u00fcber weitere Einsparungen machen muss.<\/p>\n<\/div>\n<\/div>\n<\/div>\n","protected":false},"excerpt":{"rendered":"<p>Zu preiswerten Beschriftungen kann gesagt werden, dass die Verwendung von besonders d\u00fcnnen Folien oder Farben aus dem unteren Preis- segment<\/p>\n","protected":false},"author":1,"featured_media":0,"parent":0,"menu_order":0,"comment_status":"closed","ping_status":"closed","template":"","meta":{"footnotes":""},"_links":{"self":[{"href":"http:\/\/beschriftung-profi.de\/index.php?rest_route=\/wp\/v2\/pages\/300"}],"collection":[{"href":"http:\/\/beschriftung-profi.de\/index.php?rest_route=\/wp\/v2\/pages"}],"about":[{"href":"http:\/\/beschriftung-profi.de\/index.php?rest_route=\/wp\/v2\/types\/page"}],"author":[{"embeddable":true,"href":"http:\/\/beschriftung-profi.de\/index.php?rest_route=\/wp\/v2\/users\/1"}],"replies":[{"embeddable":true,"href":"http:\/\/beschriftung-profi.de\/index.php?rest_route=%2Fwp%2Fv2%2Fcomments&post=300"}],"version-history":[{"count":3,"href":"http:\/\/beschriftung-profi.de\/index.php?rest_route=\/wp\/v2\/pages\/300\/revisions"}],"predecessor-version":[{"id":378,"href":"http:\/\/beschriftung-profi.de\/index.php?rest_route=\/wp\/v2\/pages\/300\/revisions\/378"}],"wp:attachment":[{"href":"http:\/\/beschriftung-profi.de\/index.php?rest_route=%2Fwp%2Fv2%2Fmedia&parent=300"}],"curies":[{"name":"wp","href":"https:\/\/api.w.org\/{rel}","templated":true}]}}